est common factor of b and i?
16
Suppose -2*o - 12 = o. Let f(i) = i**3 + 5*i**2 + i. Let l be f(o). What is the greatest common factor of l and 24?
12
Let h be (-1)/((2 - (-3)/(-15)) + -2). What is the greatest common divisor of h and 20?
5
Let l be 9*1/(-1 + 2). Suppose 0*j = -4*j. Suppose 2*z - 144 = -j*z. What is the greatest common factor of z and l?
9
Let d(x) = 12*x - 1. Let w be d(1). Let l = w - 7. Let q = 6 + -2. Calculate the highest common factor of l and q.
4
Suppose -4*t + 23 - 3 = 0. Let b be (24/10)/(1/t). Calculate the highest common divisor of 48 and b.
12
Let q(g) = g**2 - 15*g - 9. Let s be q(16). Calculate the highest common factor of s and 14.
7
Let r(t) = 2*t**2 - 12*t - 8. Let v be r(7). What is the greatest common divisor of v and 9?
3
Let m = 2 - 5. Let z be (m/(-9))/((-2)/(-138)). Let j = -13 + z. Calculate the highest common divisor of 20 and j.
10
Let l be 8/28 + 1004/14. What is the highest common factor of l and 48?
24
Let h be ((-106)/56 - (-5)/35)*-24. What is the highest common divisor of 6 and h?
6
Let f(t) = 3*t**2 + 1. Let y be f(-1). What is the greatest common factor of 8 and y?
4
Let k(b) = b**3 + 4*b**2 + 2*b + 4. Let m(c) = c**3 - 15*c**2 + 13*c + 11. Let y be m(14). Let u be k(y). What is the highest common factor of 63 and u?
7
Let i = 1 - -7. Let w(b) = b + 8. Let k be w(-6). What is the greatest common factor of i and k?
2
Let x(z) = -10*z - z**3 - 24*z**2 - 5 + 4*z**2 + 12*z**2 + 0*z. Let y be x(-8). What is the highest common factor of 15 and y?
15
Let l = 184 - 40. What is the highest common divisor of 36 and l?
36
Suppose -9 = j - 5*v, 2*j - 4*v - 28 = -2*j. Calculate the highest common divisor of 77 and j.
11
Suppose -6*u - 2 = -26. Let s be (8/(-5))/(2/(-10)). Calculate the highest common factor of s and u.
4
Suppose -2*s - 115 = -3*a + 2*s, -245 = -5*a - 4*s. Let u(j) = -j**2 - 2*j + 2*j - 2 + 7. Let z be u(0). What is the greatest common factor of a and z?
5
Suppose t + 25 = 6*t. Suppose -20 = -t*i + 25. Let y = 174 - 75. What is the highest common factor of y and i?
9
Let j = 62 + 258. Suppose 0 = p + 4*p - j. Suppose -2*s - 4*f = -0*f - 40, -5*s + 2*f = -p. Calculate the highest common divisor of s and 14.
14
Let n = 7 + -1. Suppose -p + 66 = n. What is the greatest common divisor of p and 12?
12
Let t = 46 + -10. Let y = -18 + 27. Calculate the greatest common factor of y and t.
9
Let i(v) = 5*v**2 - 2*v - 1. Let m be i(2). What is the highest common divisor of 120 and m?
15
Suppose 0*y + 3*y + 30 = 0. Let m be ((-6)/y)/(4/60). Suppose w + 3 = 48. Calculate the highest common divisor of w and m.
9
Let g(j) = j**2 - 9*j + 11. Let t be g(8). Suppose -3*f = -2*f - 140. Suppose i + f = t*i. What is the greatest common factor of 10 and i?
10
Let r(k) = -k**3 - 6*k**2 - 5*k - 4. Let g be r(-5). Let n(l) = -l + 2. Let m be n(g). What is the highest common divisor of 15 and m?
3
Suppose 2*m - 4 = -0*m. Suppose n = m*n - 12. Suppose 8*g = 3*g + 2*p + 290, 4*p = 5*g - 280. Calculate the greatest common divisor of g and n.
12
Let z(u) = u**2 - 8*u + 15. Let q be z(6). What is the highest common factor of 3 and q?
3
Suppose 0 = -6*x + 3*x + 60. Suppose 3*q + 23 = 83. What is the highest common divisor of q and x?
20
Suppose -3*q + 3 + 3 = 0. Suppose o + 5*l = -o - 1, 0 = q*o + 4*l + 4. Let u = 14 + o. What is the greatest common factor of u and 24?
6
Let j = 133 + -125. What is the greatest common factor of j and 16?
8
Suppose -g + 5*g = 20. Let i be (-3 - -4)*(3 + g). What is the highest common factor of 64 and i?
8
Let o(v) = 2*v**2 + 8*v - 6. Let w be o(-9). What is the greatest common factor of 12 and w?
12
Let k(x) = -x**3 - 8*x**2 + 10*x + 9. Let d be k(-9). Suppose d = j + 3*j - 180. Calculate the highest common factor of 18 and j.
9
Let x = -93 + 107. What is the highest common divisor of x and 35?
7
Suppose -20 = h + 4*h. Let n(j) = -j**3 - 5*j**2 - 4*j + 4. Let o be n(h). Let b = o + 12. What is the greatest common factor of b and 8?
8
Let c be 140/5 - (1 - -2). Suppose m + c = 6*m. Suppose -3*j + 125 = 2*j. What is the highest common divisor of m and j?
5
Let l(s) = s**2 - 4*s + 6. Let x be l(4). Let p(f) = -f**2 + 5*f + 8. Let k be p(x). Suppose k*d - 40 = -3*d. What is the greatest common divisor of 32 and d?
8
Let h = -42 - -60. Let c = h + -9. Calculate the highest common factor of c and 9.
9
Suppose 0 = u - 0*u + 101. Let a = u + 158. What is the highest common factor of 38 and a?
19
Let d be (1 - -2)/(3/(-3)). Let c = d - -8. What is the highest common factor of c and 35?
5
Let w = 153 + -125. Calculate the greatest common factor of w and 12.
4
Let j(p) = 6*p + 1. Let g be j(1). What is the greatest common divisor of g and 56?
7
Let a = 47 - 73. Let n be 2/(-3) + a/(-3). Calculate the greatest common factor of 24 and n.
8
Let o(b) = -b**3 - 2*b**2 - 5*b - 3. Let g be o(-3). Suppose 5*q - 39 = g. What is the highest common divisor of q and 36?
12
Suppose 0 = -5*y + y. Suppose 3*n + 3 = 4*s - 1, 5*s - 5 = y. Suppose -3*d - 4*c - 2 = -d, -d - 4*c - 3 = n. Calculate the greatest common divisor of d and 3.
1
Let x be ((-34)/6)/((-3)/9). Calculate the highest common factor of 34 and x.
17
Let o = 21 - 13. Let n(y) = y**3 - 9*y**2 + 10*y - 8. Let x be n(o). Calculate the greatest common divisor of x and 8.
8
Let x(c) = -2*c + 16. Let f be x(3). Calculate the greatest common divisor of f and 40.
10
Let y be (-1 - 0)*(-10)/2. Let s be (1 - (2 - 4)) + 2. Suppose -s*p = -3*n + 72, 15 = n + y*p - 9. What is the greatest common factor of n and 6?
6
Let v = -720 - -1260. Calculate the greatest common factor of 60 and v.
60
Let i(u) = 3*u**2 + u + 1. Let j be i(2). Let s = 22 - j. What is the greatest common divisor of s and 63?
7
Suppose 5*r - 2*z - 140 = -6*z, -2*r = 3*z - 63. What is the highest common divisor of 132 and r?
12
Suppose 3*q - 5*q - 48 = 0. Let g be (q/(-14))/((-2)/(-14)). What is the highest common divisor of g and 12?
12
Suppose 4*x = -x + 15. Suppose -62 = -x*i + 64. Calculate the greatest common factor of i and 28.
14
Suppose -41 = -5*t + 14. Let a be (-1 - (-4 + 2))*t. Let q be 97 + -2 + 16/(-2 - -6). What is the highest common factor of q and a?
11
Let b(c) = c - 4. Let x be b(8). Let t = 5 - x. Calculate the greatest common divisor of 8 and t.
1
Suppose -w = -6*w + 80. Let d = 22 - w. Let z = -43 + 91. Calculate the highest common divisor of d and z.
6
Let d be -6*(0 + 6/9). Let f(c) = -c - 2. Let y be f(d). What is the greatest common divisor of y and 1?
1
Let s = 8 - 3. Let h be 30*((-5)/(-2))/s. What is the greatest common factor of h and 60?
15
Let a(s) = -s + 4. Let m be a(10). Let b(j) = 11*j - 8. Let g be b(m). Let t = 14 - g. Calculate the highest common factor of t and 8.
8
Let z = 94 - 67. What is the highest common divisor of 9 and z?
9
Let o(t) = -t**3 - 12*t**2 - t. Let i be o(-12). What is the highest common factor of i and 24?
12
Let t = -13 + 14. What is the greatest common divisor of t and 7?
1
Suppose 27 = -4*f - 5. Let s be -140*(-4 + (-26)/f). What is the greatest common divisor of s and 15?
15
Suppose 4 = 2*x - 2. Suppose 0 = -5*u - 3*r + 15, -4*r + 13 = 2*u - 7. Let o = u + x. What is the greatest common divisor of 12 and o?
3
Let k be (-3)/2 + 55/10. Suppose 10 = -k*t + 54. What is the greatest common divisor of t and 77?
11
Let v = -14 - -10. Let n be (2/v)/(4/(-24)). What is the highest common factor of n and 15?
3
Suppose 3*h - 2*d - 166 = 0, -h - 13 + 75 = -2*d. Let q = 88 - h. Suppose -q = -4*k + 28. Calculate the greatest common factor of k and 2.
2
Suppose -8*u = -5*u - 57. What is the highest common factor of 95 and u?
19
Suppose 0 = -3*r - u + 22, -3*u = r + 2*u - 12. Let y(s) = -s**3 + 6*s**2 + 8*s - 2. Let l be y(r). Calculate the highest common divisor of l and 45.
5
Let v = -34 + 67. Let w(j) = -j + 7. Let r be w(7). Let y = 11 + r. What is the greatest common factor of y and v?
11
Suppose -2*z = 4*r - 37 - 17, 3*r - 15 = 0. Let q be 2/(2/(-476)*-4). Calculate the greatest common divisor of z and q.
17
Let d = 42 + -30. Suppose 3*o - 5*o = 4*x - 8, -5*x = 2*o - 10. Let n be x/(-8) + 1407/d. Calculate the greatest common divisor of n and 13.
13
Let a = 2 + 20. Suppose 790 = 5*k + 4*f, -6*k + k + 4*f = -750. Calculate the highest commo